.
32
What is the highest common divisor of 15498 and 82?
82
Calculate the greatest common factor of 312 and 97032.
312
Calculate the highest common divisor of 3458 and 28.
14
Calculate the highest common factor of 1734 and 238.
34
What is the greatest common factor of 141376 and 64?
64
What is the highest common divisor of 3828 and 330?
66
What is the greatest common factor of 44 and 2684?
44
Calculate the highest common factor of 230 and 1035.
115
Calculate the highest common factor of 495 and 95.
5
Calculate the greatest common factor of 162 and 60.
6
Calculate the greatest common divisor of 2088 and 234.
18
What is the highest common factor of 35 and 10?
5
What is the highest common factor of 60 and 276?
12
What is the greatest common factor of 464 and 20?
4
What is the highest common divisor of 236 and 177?
59
What is the highest common factor of 32 and 368?
16
What is the greatest common factor of 40 and 860?
20
What is the greatest common divisor of 20 and 4?
4
Calculate the greatest common factor of 513 and 114.
57
What is the greatest common factor of 55 and 25?
5
What is the greatest common divisor of 42 and 32613?
21
What is the greatest common factor of 374 and 17?
17
What is the highest common divisor of 824 and 72?
8
Calculate the highest common divisor of 31 and 124.
31
What is the highest common factor of 1679 and 146?
73
What is the greatest common divisor of 713 and 23?
23
Calculate the greatest common factor of 315 and 21105.
315
What is the greatest common factor of 55 and 55?
55
Calculate the greatest common divisor of 357 and 21.
21
What is the greatest common divisor of 16 and 36?
4
Calculate the highest common divisor of 12 and 148.
4
What is the greatest common factor of 19586 and 70?
14
What is the greatest common divisor of 1915 and 4213?
383
Calculate the greatest common divisor of 594 and 22.
22
Calculate the greatest common factor of 940 and 20.
20
What is the highest common factor of 48 and 24?
24
Calculate the greatest common divisor of 55 and 539.
11
Calculate the highest common divisor of 1 and 6053.
1
What is the highest common divisor of 95 and 665?
95
What is the highest common divisor of 752 and 16?
16
What is the greatest common divisor of 21 and 1512?
21
Calculate the highest common divisor of 2768 and 32.
16
Calculate the greatest common divisor of 875 and 35.
35
What is the highest common factor of 255 and 285?
15
What is the highest common factor of 2457 and 18?
9
What is the highest common factor of 524 and 6550?
262
What is the highest common divisor of 137 and 87132?
137
What is the greatest common divisor of 376 and 56?
8
Calculate the highest common factor of 54 and 10638.
54
What is the greatest common divisor of 344 and 2236?
172
What is the greatest common divisor of 45 and 30?
15
What is the highest common divisor of 11998 and 28?
14
What is the greatest common divisor of 5916 and 696?
348
What is the greatest common divisor of 1584 and 288?
144
What is the highest common factor of 21 and 1267?
7
Calculate the greatest common divisor of 32 and 144.
16
What is the greatest common divisor of 10 and 310?
10
Calculate the greatest common divisor of 1428 and 84.
84
Calculate the greatest common factor of 48 and 30.
6
What is the highest common divisor of 13 and 78?
13
Calculate the highest common factor of 39 and 13143.
39
Calculate the greatest common divisor of 207 and 1587.
69
What is the greatest common divisor of 297 and 27?
27
Calculate the highest common divisor of 59 and 24721.
59
What is the greatest common divisor of 76 and 19?
19
What is the highest common factor of 54 and 522?
18
What is the greatest common divisor of 1241 and 511?
73
Calculate the greatest common factor of 28 and 105.
7
What is the greatest common factor of 104 and 16?
8
What is the highest common divisor of 413 and 472?
59
Calculate the greatest common factor of 56 and 1792.
56
Calculate the greatest common factor of 12 and 372.
12
Calculate the highest common factor of 207 and 2208.
69
Calculate the greatest common factor of 64 and 648.
8
Calculate the highest common factor of 216 and 1809.
27
Calculate the highest common divisor of 156 and 24.
12
Calculate the greatest common divisor of 159 and 15423.
159
Calculate the highest common factor of 34 and 7.
1
What is the greatest common factor of 56 and 24612?
28
What is the highest common factor of 26 and 598?
26
What is the greatest common factor of 155 and 124?
31
Calculate the highest common divisor of 192 and 72.
24
What is the highest common divisor of 36 and 99?
9
Calculate the greatest common factor of 123 and 697.
41
Calculate the highest common factor of 1316 and 28.
28
What is the greatest common factor of 82 and 738?
82
What is the highest common divisor of 20 and 88?
4
Calculate the highest common divisor of 20 and 1136.
4
Calculate the highest common factor of 710 and 20.
10
What is the highest common divisor of 324 and 8?
4
Calculate the highest common divisor of 1380 and 1955.
115
Calculate the highest common factor of 315 and 70.
35
What is the highest common divisor of 16 and 3424?
16
Calculate the highest common divisor of 405 and 75.
15
What is the highest common factor of 16 and 226?
2
What is the highest common divisor of 26 and 650?
26
Calculate the greatest common divisor of 50 and 575.
25
Calculate the greatest common factor of 1442 and 515.
103
Calculate the highest common divisor of 165 and 880.
55
Calculate the highest common factor of 1540 and 35.
35
Calculate the highest common divisor of 45 and 981.
9
What is the greatest common factor of 3894 and 132?
66
What is the greatest common factor of 1512 and 56?
56
Calculate the highest common factor of 1152 and 216.
72
Calculate the greatest common divisor of 57 and 228.
57
Calculate the greatest common factor of 584 and 3139.
73
What is the highest common divisor of 4224 and 132?
132
Calculate the highest common divisor of 208 and 117.
13
Calculate the highest common divisor of 1501 and 76.
19
What is the greatest common factor of 3772 and 410?
82
Calculate the highest common factor of 19 and 57.
19
Calculate the highest common divisor of 726 and 33.
33
What is the greatest common divisor of 125 and 20875?
125
What is the highest common factor of 74 and 888?
74
What is the greatest common factor of 280 and 31220?
140
Calculate the greatest common factor of 155 and 85.
5
What is the greatest common divisor of 504 and 15?
3
Calculate the greatest common divisor of 21 and 56.
7
What is the highest common factor of 36 and 54?
18
Calculate the highest common divisor of 1840 and 2480.
80
Calculate the highest common factor of 4675 and 88.
11
What is the highest common divisor of 135 and 4545?
45
Calculate the greatest common divisor of 133 and 14.
7
Calculate the highest common factor of 3411 and 27.
9
What is the highest common factor of 1106 and 42?
14
Calculate the highest common divisor of 287 and 82.
41
Calculate the greatest common factor of 4247 and 62.
31
Calculate the greatest common factor of 171 and 152.
19
Calculate the highest common divisor of 34992 and 162.
162
What is the highest common divisor of 13905 and 54?
27
What is the greatest common factor of 516 and 2148?
12
What is the greatest common factor of 210 and 910?
70
What is the greatest common divisor of 108 and 513?
27
Calculate the highest common factor of 224 and 48.
16
What is the highest common factor of 30885 and 1740?
435
What is the highest common factor of 77 and 14?
7
Calculate the greatest common factor of 125 and 1175.
25
Calculate the highest common factor of 1209 and 39.
39
What is the highest common factor of 12 and 8886?
6
What is the highest common factor of 33 and 55?
11
Calculate the greatest common divisor of 18011 and 1085.
217
What is the greatest common factor of 11496 and 24?
24
Calculate the highest common factor of 1441 and 55.
11
Calculate the highest common factor of 82 and 1558.
82
Calculate the highest common divisor of 112 and 16.
16
What is the greatest common factor of 705 and 30?
15
Calculate the greatest common divisor of 28 and 364.
28
What is the greatest common divisor of 22 and 473?
11
What is the highest common factor of 34 and 408?
34
Calculate the highest common factor of 855 and 150